ue
Is 1040631419 a prime number?
False
Is 5640029147 a prime number?
True
Is 50725257911 a composite number?
True
Is 191583787 prime?
True
Is 9099652279 composite?
False
Is 234946991 a prime number?
True
Is 1131960941 a composite number?
False
Is 822975883 a prime number?
False
Is 55958003351 a composite number?
False
Is 9723517541 prime?
True
Is 3988877 composite?
False
Is 47803694927 prime?
True
Is 14279866559 a composite number?
True
Is 48945667493 composite?
True
Is 1150786657 a composite number?
False
Is 20459498935 prime?
False
Is 300803837 a prime number?
False
Is 7215445495 composite?
True
Is 3740992873 a prime number?
True
Is 6542398429 composite?
True
Is 915434633 a composite number?
False
Is 79320493 a composite number?
True
Is 6757786133 a composite number?
True
Is 12399367991 a composite number?
False
Is 234983566 prime?
False
Is 1566421529 a composite number?
True
Is 141220006329 composite?
True
Is 33752417129 a composite number?
False
Is 466185943 a composite number?
False
Is 18373445 composite?
True
Is 14339463422 a composite number?
True
Is 540086257 a composite number?
True
Is 13012302403 a prime number?
True
Is 1842012857 composite?
False
Is 757934417 composite?
True
Is 293660099 composite?
False
Is 140968373413 a composite number?
True
Is 19157651017 prime?
True
Is 815388457 a prime number?
False
Is 8116451183 prime?
False
Is 8652179843 composite?
False
Is 67219129669 a composite number?
False
Is 1117436233 a composite number?
True
Is 71474694919 composite?
False
Is 28975537 a composite number?
False
Is 621509963 a composite number?
False
Is 13402568351 composite?
True
Is 886863797 composite?
True
Is 16474842595 a prime number?
False
Is 28217637163 composite?
True
Is 304596481 a composite number?
True
Is 184538819 a composite number?
False
Is 218819633 a prime number?
True
Is 18558848237 a composite number?
True
Is 243499337 composite?
False
Is 796460701 composite?
False
Is 2000146879 a prime number?
True
Is 93265515103 a prime number?
True
Is 7198106273 prime?
True
Is 26441162057 prime?
True
Is 6983753041 prime?
True
Is 6340526341 prime?
False
Is 7899301583 a prime number?
False
Is 44520851 a composite number?
False
Is 4911089149 a prime number?
False
Is 774601903 prime?
True
Is 110363285255 a composite number?
True
Is 2179371665 composite?
True
Is 21148593107 a prime number?
True
Is 23218183063 a composite number?
True
Is 421362749 composite?
False
Is 70263172117 a composite number?
True
Is 2540973677 a composite number?
True
Is 3808997 a prime number?
False
Is 12211110853 a composite number?
True
Is 8974463 a prime number?
False
Is 54911639 prime?
False
Is 1054994747 prime?
True
Is 719620105 a composite number?
True
Is 57303178 a composite number?
True
Is 999185531 a prime number?
True
Is 5149966067 a prime number?
False
Is 102964295069 prime?
False
Is 16343059267 a composite number?
False
Is 15386797687 prime?
True
Is 50628371 prime?
False
Is 10073917793 a composite number?
False
Is 5650669399 prime?
True
Is 1096333681 prime?
True
Is 5593173071 composite?
True
Is 1667681923 prime?
True
Is 37973539 a prime number?
False
Is 1682395874 composite?
True
Is 247663893 composite?
True
Is 2189317181 a prime number?
True
Is 20559271829 prime?
True
Is 4077839399 composite?
False
Is 613589582 a composite number?
True
Is 165010437953 prime?
False
Is 757025543 a composite number?
True
Is 85843889 prime?
False
Is 93342801311 a composite number?
True
Is 4751059877 a composite number?
True
Is 850178603 a prime number?
False
Is 1082714801 composite?
True
Is 106190459 composite?
True
Is 15572171 a composite number?
False
Is 7525568629 composite?
False
Is 69531385173 composite?
True
Is 201148733 composite?
False
Is 253777553 a prime number?
False
Is 17890620403 prime?
False
Is 34607434649 composite?
True
Is 1107846169 a prime number?
False
Is 1344242671 a prime number?
False
Is 940660153 a composite number?
True
Is 32462534789 composite?
True
Is 680796421 prime?
False
Is 22077572123 a composite number?
True
Is 1589369113 composite?
False
Is 396305453 composite?
True
Is 1963990337 composite?
True
Is 1534254413 a prime number?
True
Is 154936867 prime?
True
Is 70077256471 a prime number?
False
Is 1347748322 composite?
True
Is 1762952413 a prime number?
False
Is 2595272383 a composite number?
True
Is 92969111 a composite number?
False
Is 1986167191 a composite number?
False
Is 6154857319 a composite number?
True
Is 2750188369 composite?
True
Is 1333509033 a composite number?
True
Is 13607371423 composite?
True
Is 23441215297 composite?
False
Is 3232038371 prime?
False
Is 8090771123 prime?
True
Is 180932911 prime?
True
Is 3097112167 prime?
True
Is 8777668919 a composite number?
True
Is 206941169 prime?
True
Is 3541604879 prime?
True
Is 1741874353 a composite number?
True
Is 738660805 a prime number?
False
Is 2522495671 a prime number?
False
Is 11280799211 a composite number?
True
Is 323608261 a prime number?
True
Is 16813098751 a composite number?
True
Is 100745549 a composite number?
True
Is 284842314563 prime?
True
Is 195536918054 composite?
True
Is 23843940373 a composite number?
True
Is 39565901 composite?
False
Is 20472479 a composite number?
True
Is 17426556863 a composite number?
False
Is 224215013 a composite number?
True
Is 20110475551 prime?
True
Is 57947173 a prime number?
False
Is 12597270289 a prime number?
False
Is 18352739783 a prime number?
False
Is 273649309 a prime number?
True
Is 1224388499 prime?
True
Is 48865110031 composite?
True
Is 124260287 composite?
True
Is 10651834409 a prime number?
False
Is 181428601 composite?
True
Is 11716712429 a prime number?
True
Is 72822127549 composite?
False
Is 455808313 composite?
False
Is 299911643 a composite number?
True
Is 2208434399 a composite number?
False
Is 667078417 prime?
True
Is 1378485877 composite?
True
Is 2002249129 prime?
True
Is 50613658999 a prime number?
True
Is 1512220223 composite?
False
Is 444955561 a composite number?
True
Is 203320820653 a composite number?
False
Is 2374469639 prime?
True
Is 4344641993 a composite number?
False
Is 7073168243 a composite number?
True
Is 16878930589 prime?
True
Is 33424308431 a prime number?
True
Is 56124902683 prime?
False
Is 18574711829 composite?
False
Is 7731427447 composite?
True
Is 543273103 a prime number?
True
Is 60563553877 a prime number?
True
Is 15587997077 prime?
True
Is 6142991507 a prime number?
True
Is 15471139817 a prime number?
False
Is 239301197137 composite?
True
Is 377478887 a prime number?
False
Is 7165266929 a prime number?
True
Is 401972693 composite?
False
Is 23870723361 a prime number?
False
Is 8095306991 a composite number?
True
Is 3423568139 a composite number?
True
Is 1126299977 composite?
True
Is 2264788781 prime?
True
Is 21693188219 prime?
False
Is 4590455131 a prime number?
False
Is 88452097 composite?
False
Is 14252408509 prime?
True
Is 2412176729 prime?
True
Is 16696579553 a composite number?
False
Is 1214006107 a composite number?
False
Is 14994196969 a prime number?
True
Is 34745309 composite?
False
Is 23000630663 a composite number?
False
Is 11002620107 composite?
True
Is 378882359 a prime number?
False
Is 156996835 prime?
False
Is 7724201663 a composite number?
False
Is 1096069789 a composite number?
False
Is 178455737 composite?
False
Is 3652019009 prime?
True
Is 111716941067 composite?
False
Is 12516643459 a composite number?
False
Is 359712997031 composite?
False
Is 442232821 a prime number?
True
Is 3299652073 a composite number?
False
Is 89398256735 prime?
False
Is 55152013057 a composite number?
True
Is 2234435633 composite?
False
Is 1070855329 a composite number?
False
Is 8149943359 a composite number?
False
Is 1110258259 a composite number?
True
Is 88329312611 a prime number?
True
Is 14791807283 a composite number?
True
Is 264761171 a prime number?
True
Is 7566449923 prime?
True
Is 337178672317 a prime number?
True
Is 59154707 a prime number?
True
Is 11420889751 a prime number?
True
Is 1797795371 a composite number?
True
Is 734752063 a composite number?
False
Is 9981778897 prime?
True
Is 782799271 a prime number?
False
Is 2106543539 a composite number?
True
Is 208953194897 composite?
False
Is 5267391347 a prime number?
False
Is 108108737 a prime number?
False
Is 18329447 a composite numb